a5 - -3037?
-10369
In base 11, what is -4317a2 + -1?
-4317a3
In base 8, what is -152002 + -1167?
-153171
In base 16, what is 1 + -dce1f7a?
-dce1f79
In base 12, what is -328 + 77399?
77071
In base 14, what is -6589b + -32?
-658cd
In base 11, what is 2 - -237a993a?
237a9941
In base 6, what is 125001 + -22030?
102531
In base 11, what is -901 + 21758?
20957
In base 8, what is -3142302 - -771?
-3141311
In base 6, what is 11551 - 4323150?
-4311155
In base 12, what is 538 - -2477b?
250b7
In base 16, what is -3f5a11 + -1?
-3f5a12
In base 5, what is -410201 + 1241134?
330433
In base 10, what is 346183 + -1047?
345136
In base 10, what is 0 + 1855110?
1855110
In base 15, what is -4 - -327e26?
327e22
In base 8, what is 63 - 430741?
-430656
In base 12, what is 47b9 + -3483a?
-30041
In base 12, what is -5094b81 - -4?
-5094b79
In base 2, what is -10000000100 - -1011001000110?
1001001000010
In base 7, what is -342246 + 12231?
-330015
In base 13, what is 5081753 - -4?
5081757
In base 6, what is -2523311253 + 4?
-2523311245
In base 13, what is c8b - -1770?
272b
In base 12, what is -438 - -725b?
6a23
In base 6, what is 1013040435 + -111?
1013040324
In base 5, what is -123 + -42200212?
-42200340
In base 14, what is 956dc0 + c?
956dcc
In base 10, what is 1 - 8033248?
-8033247
In base 5, what is 2434 - 2010113?
-2002124
In base 2, what is 1111100000000100 + -1000100?
1111011111000000
In base 4, what is 1 - -231313200233?
231313200300
In base 8, what is -371 + 450552?
450161
In base 16, what is 19831a5 - -3?
19831a8
In base 15, what is 16ad181 - 14?
16ad16c
In base 10, what is -2069 + 9962?
7893
In base 8, what is 120 + 255001?
255121
In base 6, what is -4 - -5010214251?
5010214243
In base 12, what is 129a05b + -1?
129a05a
In base 15, what is 1e0038 - -7?
1e0040
In base 8, what is -440136 - 677?
-441035
In base 5, what is -3211 - -23213?
20002
In base 11, what is -804a - 23212?
-30261
In base 15, what is -225 + 1430?
120a
In base 15, what is -a + 7e977?
7e96c
In base 12, what is a - -166473?
166481
In base 9, what is -2 - 13567627?
-13567630
In base 5, what is -3222 - 12341343?
-12400120
In base 16, what is -692a88 + 5?
-692a83
In base 10, what is -2 + -187818?
-187820
In base 4, what is -13223 - 2212112?
-2232001
In base 16, what is 14 - 3066f35?
-3066f21
In base 9, what is -5230 - 8218?
-14448
In base 16, what is 74ffd15 + 3?
74ffd18
In base 11, what is -49 - 655aa?
-65648
In base 16, what is 2 - 572ab81?
-572ab7f
In base 3, what is -100 + -1112001212022211?
-1112001212100011
In base 9, what is 5265 - -864?
6240
In base 7, what is -103366 + 215153?
111454
In base 15, what is -6 + -4b1363?
-4b1369
In base 10, what is -46472573 - 2?
-46472575
In base 8, what is -527 + 102511?
101762
In base 16, what is 111 - -f509?
f61a
In base 14, what is 6180531 - -3?
6180534
In base 9, what is -5 - 14771758?
-14771764
In base 10, what is -2508350 + 108?
-2508242
In base 3, what is -101001112 + 21202221?
-2021121
In base 2, what is 111 - 101000110001101011010?
-101000110001101010011
In base 10, what is 437 - 16476?
-16039
In base 12, what is 83 - 34ba93?
-34ba10
In base 8, what is -64 + 5262444?
5262360
In base 9, what is 4188 - 104305?
-100106
In base 6, what is 10151523 - -14203?
10210130
In base 16, what is -1289aa49 + 0?
-1289aa49
In base 12, what is 683 + -660?
23
In base 3, what is 111221101012 - -22?
111221101111
In base 8, what is -54 - 45524213?
-45524267
In base 16, what is 177585 - 84?
177501
In base 11, what is -1254731 + 31?
-1254700
In base 4, what is 230 - 323013013?
-323012123
In base 14, what is 2 - 299c5b6?
-299c5b4
In base 15, what is 116 + 6da03?
6db19
In base 8, what is -2 - 774314?
-774316
In base 7, what is -60661025 + -3?
-60661031
In base 7, what is -113 + -1543543?
-1543656
In base 4, what is 10 - -1122223323?
1122223333
In base 9, what is 11774733 - -18?
11774752
In base 2, what is 1000100001100110101001101 + -11?
1000100001100110101001010
In base 8, what is 316131132 - -1?
316131133
In base 13, what is 171054 + -62?
170cc2
In base 6, what is 102 + 21320112?
21320214
In base 6, what is -142012113 - -1?
-142012112
In base 14, what is -36d6aa25 - -5?
-36d6aa20
In base 4, what is 1010021121323 - -2?
1010021121331
In base 8, what is -3727233 + 114?
-3727117
In base 9, what is 1315823 + 455?
1316378
In base 5, what is -12403234 + -224?
-12404013
In base 14, what is 4d + 1120?
116d
In base 8, what is 3 + -3135323?
-3135320
In base 10, what is -4288383 + 0?
-4288383
In base 14, what is 1b + a93dd?
a941a
In base 6, what is 2420 + -1224001?
-1221141
In base 6, what is 4 + 41255400201?
41255400205
In base 11, what is -516 - -56?
-470
In base 16, what is -6666a9 + 0?
-6666a9
In base 12, what is -1b148 - 905?
-1ba51
In base 8, what is 17 + -1215325?
-1215306
In base 10, what is -63733 + 37?
-63696
In base 14, what is 9a - -6bba5?
6bc61
In base 13, what is -640545 + -113?
-640658
In base 16, what is 4e8 - -f17?
13ff
In base 8, what is 165 - 314546?
-314361
In base 8, what is 6171 - 25301?
-17110
In base 6, what is 0 - 202524230?
-202524230
In base 11, what is -1 + 20340508?
20340507
In base 9, what is 135 + -24473?
-24337
In base 9, what is -1 - -703851506?
703851505
In base 15, what is -346 + 41553?
4120c
In base 7, what is 100 - -20410615?
20411015
In base 13, what is -1 + -44c65bb?
-44c65bc
In base 3, what is 1120121100102 - -100?
1120121100202
In base 11, what is -30 - -2a9118?
2a9098
In base 12, what is -a9a208 + 1?
-a9a207
In base 3, what is 120020 - 21102001100?
-21101111010
In base 14, what is 226db + 2170?
2486b
In base 6, what is 23 + -14125134?
-14125111
In base 11, what is -2a - -416264?
416235
In base 14, what is -18d353 + 10?
-18d343
In base 5, what is 40044322241 + 0?
40044322241
In base 5, what is -10121121 - -310?
-10120311
In base 10, what is -4719333 + -51?
-4719384
In base 5, what is 22 - 1230040122?
-1230040100
In base 15, what is 76d7a + -b1?
76cb9
In base 9, what is -2603 + 158477?
155774
In base 4, what is 101313121 + 10012031?
111331212
In base 5, what is 11 - 14131201431?
-14131201420
In base 13, what is -8851 + -2352?
-aba3
In base 2, what is -10010011010001010110 - -1000?
-10010011010001001110
In base 13, what is 3 + 2292b3?
2292b6
In base 15, what is 4b - -9dcc3d?
9dcc89
In base 10, what is 2423 - -2921?
5344
In base 9, what is 21156766 + -5?
21156761
In base 10, what is 13 + 168415?
168428
In base 6, what is -1504315012 + -4?
-1504315020
In base 15, what is -4e3b2 + -21?
-4e3d3
In base 16, what is 0 - 15242f7?
-15242f7
In base 12, what is 2304 - 469b?
-2397
In base 16, what is -6 - -12447b2?
12447ac
In base 7, what is -150212 - 312?
-150524
In base 14, what is -84bc12 + 65?
-84bb8b
In base 11, what is -431 + 524?
a3
In base 6, what is 13345 - -1232445?
1250234
In base 3, what is 10111010 + 10120000221?
10200112001
In base 13, what is -19846 - 3325?
-1cb6b
In base 15, what is -65308 + -1?
-65309
In base 7, what is 2002 + 14445?
16450
In base 6, what is 11 - -50434124?
50434135
In base 10, what is -47 - 26432?
-26479
In base 2, what is 100111011010110110011 - -110111?
100111011010111101010
In base 5, what is 2310024214 + -10?
2310024204
In base 5, what is -10 + 11401301343?
11401301333
In base 13, what is -c - a046c1?
-a04700
In base 14, what is 1285956 - 2?
1285954
In base 16, what is -6c5e - 18e?
-6dec
In base 13, what is -16 + 80699c?
806986
In base 16, what is -10b742cf + -3?
-10b742d2
In base 9, what is 103 - 3042767?
-3042664
In base 6, what is 303150400 - 3?
303150353
In base 15, what is 2264 - 19?
224a
In base 6, what is -12003 + -30404?
-42411
In base 5, what is -220123022102 + -4?
-220123022111
In base 5, what is 214 - 1201403230?
-1201403011
In base 3, what is -111211221122 + -2?
-111211221201
In base 3, what is 1210020010 - -2122020?
1212212100
In base 3, what is -1221022 + 1001211100?
222220001
In base 8, what is 130 - 24767564?
-24767434
In base 2, what is -1 - 101010011000000111110100?
-101010011000000111110101
In base 3, what is -220002 - -210102221?
202112212
In base 3, what is 211010011 + -2011210121?
-1100200110
In base 16, what is 1ac + -b8ad?
-b701
In base 3, what is -2002012200 + -21221?
-2002111121
In base 8, what is -100600662 - -12?
-100600650
In base 4, what is -131302130031132 + 1?
-131302130031131
In base 1